{"id":82,"date":"2015-04-16T15:49:49","date_gmt":"2015-04-16T15:49:49","guid":{"rendered":"http:\/\/centroparoquialcastpera.pt\/wordpress\/?page_id=82"},"modified":"2025-07-11T14:24:43","modified_gmt":"2025-07-11T14:24:43","slug":"galeria","status":"publish","type":"page","link":"https:\/\/centroparoquialcastpera.pt\/?page_id=82","title":{"rendered":"Galeria"},"content":{"rendered":"<p>Ver\u00e3o no CATL&nbsp;<\/p>\n<\/p>\n<p><a href=\"https:\/\/centroparoquialcastpera.pt\/?page_id=885\"><img loading=\"lazy\" decoding=\"async\" class=\"size-medium wp-image-1404\" src=\"https:\/\/centroparoquialcastpera.pt\/wp-content\/uploads\/2020\/10\/IMG_20200814_112741-225x300.jpg\" alt=\"\" width=\"225\" height=\"300\" srcset=\"https:\/\/centroparoquialcastpera.pt\/wp-content\/uploads\/2020\/10\/IMG_20200814_112741-225x300.jpg 225w, https:\/\/centroparoquialcastpera.pt\/wp-content\/uploads\/2020\/10\/IMG_20200814_112741-768x1024.jpg 768w, https:\/\/centroparoquialcastpera.pt\/wp-content\/uploads\/2020\/10\/IMG_20200814_112741-1152x1536.jpg 1152w, https:\/\/centroparoquialcastpera.pt\/wp-content\/uploads\/2020\/10\/IMG_20200814_112741-1536x2048.jpg 1536w, https:\/\/centroparoquialcastpera.pt\/wp-content\/uploads\/2020\/10\/IMG_20200814_112741-scaled.jpg 1920w\" sizes=\"(max-width: 225px) 100vw, 225px\" \/><\/a><\/p>\n<\/p>\n<p><!-- coluna 1 --><\/p>\n\n\n<p>Dia Mundial para a Erradica\u00e7\u00e3o da Pobreza <\/p>\n\n\n\n<figure class=\"wp-block-image size-large is-resized\"><a href=\"https:\/\/centroparoquialcastpera.pt\/?page_id=1455\"><img loading=\"lazy\" decoding=\"async\" width=\"1024\" height=\"768\" src=\"https:\/\/centroparoquialcastpera.pt\/wp-content\/uploads\/2020\/10\/IMG_20201002_161811-1024x768.jpg\" alt=\"\" class=\"wp-image-1452\" style=\"width:456px;height:342px\" srcset=\"https:\/\/centroparoquialcastpera.pt\/wp-content\/uploads\/2020\/10\/IMG_20201002_161811-1024x768.jpg 1024w, https:\/\/centroparoquialcastpera.pt\/wp-content\/uploads\/2020\/10\/IMG_20201002_161811-300x225.jpg 300w, https:\/\/centroparoquialcastpera.pt\/wp-content\/uploads\/2020\/10\/IMG_20201002_161811-768x576.jpg 768w, https:\/\/centroparoquialcastpera.pt\/wp-content\/uploads\/2020\/10\/IMG_20201002_161811-1536x1152.jpg 1536w, https:\/\/centroparoquialcastpera.pt\/wp-content\/uploads\/2020\/10\/IMG_20201002_161811-2048x1536.jpg 2048w, https:\/\/centroparoquialcastpera.pt\/wp-content\/uploads\/2020\/10\/IMG_20201002_161811-400x300.jpg 400w\" sizes=\"(max-width: 1024px) 100vw, 1024px\" \/><\/a><\/figure>\n\n\n\n<p>Outubro nos Ouricinhos <\/p>\n\n\n\n<figure class=\"wp-block-image is-resized\"><a href=\"https:\/\/centroparoquialcastpera.pt\/?page_id=1430\"><img decoding=\"async\" src=\"https:\/\/centroparoquialcastpera.pt\/wp-content\/uploads\/2020\/10\/122177391_2157338027743380_2541869384514474821_o-1024x764.jpg\" alt=\"\" style=\"width:441px;height:328px\"\/><\/a><\/figure>\n\n\n\n<p>Novembro nos Ouricinhos <\/p>\n\n\n\n<figure class=\"wp-block-image size-large is-resized\"><a href=\"https:\/\/centroparoquialcastpera.pt\/?page_id=7079\"><img loading=\"lazy\" decoding=\"async\" width=\"1024\" height=\"764\" src=\"https:\/\/centroparoquialcastpera.pt\/wp-content\/uploads\/2021\/01\/140998458_2242466482563867_8357341155742062615_o-1024x764.jpg\" alt=\"\" class=\"wp-image-7078\" style=\"width:457px;height:340px\" srcset=\"https:\/\/centroparoquialcastpera.pt\/wp-content\/uploads\/2021\/01\/140998458_2242466482563867_8357341155742062615_o-1024x764.jpg 1024w, https:\/\/centroparoquialcastpera.pt\/wp-content\/uploads\/2021\/01\/140998458_2242466482563867_8357341155742062615_o-300x224.jpg 300w, https:\/\/centroparoquialcastpera.pt\/wp-content\/uploads\/2021\/01\/140998458_2242466482563867_8357341155742062615_o-768x573.jpg 768w, https:\/\/centroparoquialcastpera.pt\/wp-content\/uploads\/2021\/01\/140998458_2242466482563867_8357341155742062615_o-1536x1147.jpg 1536w, https:\/\/centroparoquialcastpera.pt\/wp-content\/uploads\/2021\/01\/140998458_2242466482563867_8357341155742062615_o.jpg 1728w\" sizes=\"(max-width: 1024px) 100vw, 1024px\" \/><\/a><\/figure>\n\n\n\n<p>Dezembro nos Ouricinhos <\/p>\n\n\n\n<figure class=\"wp-block-image size-large is-resized\"><a href=\"https:\/\/centroparoquialcastpera.pt\/?page_id=7085\"><img loading=\"lazy\" decoding=\"async\" width=\"1024\" height=\"768\" src=\"https:\/\/centroparoquialcastpera.pt\/wp-content\/uploads\/2021\/01\/139887187_2242473095896539_6630261971953776993_o-1024x768.jpg\" alt=\"\" class=\"wp-image-7086\" style=\"width:462px;height:347px\" srcset=\"https:\/\/centroparoquialcastpera.pt\/wp-content\/uploads\/2021\/01\/139887187_2242473095896539_6630261971953776993_o-1024x768.jpg 1024w, https:\/\/centroparoquialcastpera.pt\/wp-content\/uploads\/2021\/01\/139887187_2242473095896539_6630261971953776993_o-300x225.jpg 300w, https:\/\/centroparoquialcastpera.pt\/wp-content\/uploads\/2021\/01\/139887187_2242473095896539_6630261971953776993_o-768x576.jpg 768w, https:\/\/centroparoquialcastpera.pt\/wp-content\/uploads\/2021\/01\/139887187_2242473095896539_6630261971953776993_o-1536x1152.jpg 1536w, https:\/\/centroparoquialcastpera.pt\/wp-content\/uploads\/2021\/01\/139887187_2242473095896539_6630261971953776993_o-400x300.jpg 400w, https:\/\/centroparoquialcastpera.pt\/wp-content\/uploads\/2021\/01\/139887187_2242473095896539_6630261971953776993_o.jpg 1944w\" sizes=\"(max-width: 1024px) 100vw, 1024px\" \/><\/a><\/figure>\n\n\n\n<p><\/p>\n","protected":false},"excerpt":{"rendered":"<p>Ver\u00e3o no CATL&nbsp; Dia Mundial para a Erradica\u00e7\u00e3o da Pobreza Outubro nos Ouricinhos Novembro nos Ouricinhos Dezembro nos Ouricinhos<\/p>\n","protected":false},"author":1,"featured_media":0,"parent":0,"menu_order":0,"comment_status":"closed","ping_status":"closed","template":"","meta":{"saved_in_kubio":false,"footnotes":""},"class_list":["post-82","page","type-page","status-publish","hentry"],"kubio_ai_page_context":{"short_desc":"","purpose":"general"},"_links":{"self":[{"href":"https:\/\/centroparoquialcastpera.pt\/index.php?rest_route=\/wp\/v2\/pages\/82","targetHints":{"allow":["GET"]}}],"collection":[{"href":"https:\/\/centroparoquialcastpera.pt\/index.php?rest_route=\/wp\/v2\/pages"}],"about":[{"href":"https:\/\/centroparoquialcastpera.pt\/index.php?rest_route=\/wp\/v2\/types\/page"}],"author":[{"embeddable":true,"href":"https:\/\/centroparoquialcastpera.pt\/index.php?rest_route=\/wp\/v2\/users\/1"}],"replies":[{"embeddable":true,"href":"https:\/\/centroparoquialcastpera.pt\/index.php?rest_route=%2Fwp%2Fv2%2Fcomments&post=82"}],"version-history":[{"count":115,"href":"https:\/\/centroparoquialcastpera.pt\/index.php?rest_route=\/wp\/v2\/pages\/82\/revisions"}],"predecessor-version":[{"id":7235,"href":"https:\/\/centroparoquialcastpera.pt\/index.php?rest_route=\/wp\/v2\/pages\/82\/revisions\/7235"}],"wp:attachment":[{"href":"https:\/\/centroparoquialcastpera.pt\/index.php?rest_route=%2Fwp%2Fv2%2Fmedia&parent=82"}],"curies":[{"name":"wp","href":"https:\/\/api.w.org\/{rel}","templated":true}]}}

<p>Verão no CATL&nbsp;</p>
</p>
<p><a href="https://centroparoquialcastpera.pt/?page_id=885"><img loading="lazy" decoding="async" class="size-medium wp-image-1404" src="https://centroparoquialcastpera.pt/wp-content/uploads/2020/10/IMG_20200814_112741-225x300.jpg" alt="" width="225" height="300" srcset="https://centroparoquialcastpera.pt/wp-content/uploads/2020/10/IMG_20200814_112741-225x300.jpg 225w, https://centroparoquialcastpera.pt/wp-content/uploads/2020/10/IMG_20200814_112741-768x1024.jpg 768w, https://centroparoquialcastpera.pt/wp-content/uploads/2020/10/IMG_20200814_112741-1152x1536.jpg 1152w, https://centroparoquialcastpera.pt/wp-content/uploads/2020/10/IMG_20200814_112741-1536x2048.jpg 1536w, https://centroparoquialcastpera.pt/wp-content/uploads/2020/10/IMG_20200814_112741-scaled.jpg 1920w" sizes="(max-width: 225px) 100vw, 225px" /></a></p>
</p>
<p><!-- coluna 1 --></p>


<p>Dia Mundial para a Erradicação da Pobreza </p>



<figure class="wp-block-image size-large is-resized"><a href="https://centroparoquialcastpera.pt/?page_id=1455"><img loading="lazy" decoding="async" width="1024" height="768" src="https://centroparoquialcastpera.pt/wp-content/uploads/2020/10/IMG_20201002_161811-1024x768.jpg" alt="" class="wp-image-1452" style="width:456px;height:342px" srcset="https://centroparoquialcastpera.pt/wp-content/uploads/2020/10/IMG_20201002_161811-1024x768.jpg 1024w, https://centroparoquialcastpera.pt/wp-content/uploads/2020/10/IMG_20201002_161811-300x225.jpg 300w, https://centroparoquialcastpera.pt/wp-content/uploads/2020/10/IMG_20201002_161811-768x576.jpg 768w, https://centroparoquialcastpera.pt/wp-content/uploads/2020/10/IMG_20201002_161811-1536x1152.jpg 1536w, https://centroparoquialcastpera.pt/wp-content/uploads/2020/10/IMG_20201002_161811-2048x1536.jpg 2048w, https://centroparoquialcastpera.pt/wp-content/uploads/2020/10/IMG_20201002_161811-400x300.jpg 400w" sizes="(max-width: 1024px) 100vw, 1024px" /></a></figure>



<p>Outubro nos Ouricinhos </p>



<figure class="wp-block-image is-resized"><a href="https://centroparoquialcastpera.pt/?page_id=1430"><img decoding="async" src="https://centroparoquialcastpera.pt/wp-content/uploads/2020/10/122177391_2157338027743380_2541869384514474821_o-1024x764.jpg" alt="" style="width:441px;height:328px"/></a></figure>



<p>Novembro nos Ouricinhos </p>



<figure class="wp-block-image size-large is-resized"><a href="https://centroparoquialcastpera.pt/?page_id=7079"><img loading="lazy" decoding="async" width="1024" height="764" src="https://centroparoquialcastpera.pt/wp-content/uploads/2021/01/140998458_2242466482563867_8357341155742062615_o-1024x764.jpg" alt="" class="wp-image-7078" style="width:457px;height:340px" srcset="https://centroparoquialcastpera.pt/wp-content/uploads/2021/01/140998458_2242466482563867_8357341155742062615_o-1024x764.jpg 1024w, https://centroparoquialcastpera.pt/wp-content/uploads/2021/01/140998458_2242466482563867_8357341155742062615_o-300x224.jpg 300w, https://centroparoquialcastpera.pt/wp-content/uploads/2021/01/140998458_2242466482563867_8357341155742062615_o-768x573.jpg 768w, https://centroparoquialcastpera.pt/wp-content/uploads/2021/01/140998458_2242466482563867_8357341155742062615_o-1536x1147.jpg 1536w, https://centroparoquialcastpera.pt/wp-content/uploads/2021/01/140998458_2242466482563867_8357341155742062615_o.jpg 1728w" sizes="(max-width: 1024px) 100vw, 1024px" /></a></figure>



<p>Dezembro nos Ouricinhos </p>



<figure class="wp-block-image size-large is-resized"><a href="https://centroparoquialcastpera.pt/?page_id=7085"><img loading="lazy" decoding="async" width="1024" height="768" src="https://centroparoquialcastpera.pt/wp-content/uploads/2021/01/139887187_2242473095896539_6630261971953776993_o-1024x768.jpg" alt="" class="wp-image-7086" style="width:462px;height:347px" srcset="https://centroparoquialcastpera.pt/wp-content/uploads/2021/01/139887187_2242473095896539_6630261971953776993_o-1024x768.jpg 1024w, https://centroparoquialcastpera.pt/wp-content/uploads/2021/01/139887187_2242473095896539_6630261971953776993_o-300x225.jpg 300w, https://centroparoquialcastpera.pt/wp-content/uploads/2021/01/139887187_2242473095896539_6630261971953776993_o-768x576.jpg 768w, https://centroparoquialcastpera.pt/wp-content/uploads/2021/01/139887187_2242473095896539_6630261971953776993_o-1536x1152.jpg 1536w, https://centroparoquialcastpera.pt/wp-content/uploads/2021/01/139887187_2242473095896539_6630261971953776993_o-400x300.jpg 400w, https://centroparoquialcastpera.pt/wp-content/uploads/2021/01/139887187_2242473095896539_6630261971953776993_o.jpg 1944w" sizes="(max-width: 1024px) 100vw, 1024px" /></a></figure>



<p></p>

<p>Verão no CATL&nbsp; Dia Mundial para a Erradicação da Pobreza Outubro nos Ouricinhos Novembro nos Ouricinhos Dezembro nos Ouricinhos</p>
