{"id":156,"date":"2015-04-22T21:20:29","date_gmt":"2015-04-22T21:20:29","guid":{"rendered":"http:\/\/centroparoquialcastpera.pt\/wordpress\/?page_id=156"},"modified":"2025-11-13T11:05:45","modified_gmt":"2025-11-13T11:05:45","slug":"centro-comunitario-2","status":"publish","type":"page","link":"https:\/\/centroparoquialcastpera.pt\/?page_id=156","title":{"rendered":"Centro Comunit\u00e1rio"},"content":{"rendered":"\n\n\n\n\n\n\n\n\n\n\n<p class=\"has-text-align-left\">&#8211; Educa\u00e7\u00e3o Social<br>Atrav\u00e9s de um trabalho direto com as fam\u00edlias, s\u00e3o proporcionadas aprendizagens relacionadas com as rotinas essenciais ao bom funcionamento familiar: cuidados b\u00e1sicos de higiene pessoal e habitacional, tratamento e organiza\u00e7\u00e3o de roupas, gest\u00e3o do or\u00e7amento familiar e outras necessidades espec\u00edficas identificadas em cada agregado.<\/p>\n\n\n\n<p class=\"has-text-align-left\">&#8211; Hidroterapia<br>Em parceria com a Santa Casa da Miseric\u00f3rdia de Figueir\u00f3 dos Vinhos, realizam-se sess\u00f5es semanais \u00e0s ter\u00e7as e quintas-feiras, nas Piscinas Municipais de Figueir\u00f3 dos Vinhos. A participa\u00e7\u00e3o implica o pagamento de uma mensalidade, vari\u00e1vel consoante o n\u00famero de horas semanais.<\/p>\n\n\n\n<p class=\"has-text-align-left\">&#8211; Hora da Pequenada<br>Servi\u00e7o destinado a crian\u00e7as que frequentam o ensino pr\u00e9-escolar e cujos encarregados de educa\u00e7\u00e3o n\u00e3o t\u00eam hor\u00e1rios compat\u00edveis com os praticados pela Componente de Apoio \u00e0 Fam\u00edlia. Funciona das 07h30 \u00e0s 09h00 e das 17h30 \u00e0s 19h00, oferecendo transporte e complemento alimentar (manh\u00e3 e tarde), mediante o pagamento de uma mensalidade \u00fanica.<\/p>\n\n\n\n<p class=\"has-text-align-left\">&#8211; Agosto Colorido<br>Projeto dinamizado durante os dias \u00fateis do m\u00eas de agosto, entre as 08h30 e as 18h00, dirigido a crian\u00e7as do ensino pr\u00e9-escolar. As atividades t\u00eam um car\u00e1ter l\u00fadico e educativo, mediante o pagamento de uma mensalidade de valor \u00fanico.<\/p>\n\n\n\n<p class=\"has-text-align-left\">&#8211; P\u00e1scoa e Natal Colorido<br>Iniciativas realizadas durante um dia, nas f\u00e9rias letivas da P\u00e1scoa e do Natal, que proporcionam atividades recreativas e de conv\u00edvio a crian\u00e7as do ensino pr\u00e9-escolar. O hor\u00e1rio \u00e9 id\u00eantico ao praticado no projeto Agosto Colorido.<\/p>\n\n\n\n<p class=\"has-text-align-left\">&#8211; Feira Medieval<br>Evento anual que recria o ambiente das feiras de outros tempos, atrav\u00e9s de anima\u00e7\u00e3o, trajes t\u00edpicos e venda de artigos alusivos \u00e0 \u00e9poca medieval. \u00c9 uma iniciativa aberta \u00e0 comunidade, com participa\u00e7\u00e3o gratuita.<\/p>\n\n\n\n<p class=\"has-text-align-left\">&#8211; Sess\u00f5es de Inicia\u00e7\u00e3o \u00e0 Inform\u00e1tica<br>Promovidas sempre que o n\u00famero de interessados o justifique, estas sess\u00f5es t\u00eam uma dura\u00e7\u00e3o aproximada de 50 horas e decorrem em hor\u00e1rio laboral. A inscri\u00e7\u00e3o e a frequ\u00eancia est\u00e3o sujeitas ao pagamento de um valor simb\u00f3lico.<\/p>\n\n\n\n<p class=\"has-text-align-left\"><\/p>\n\n\n","protected":false},"excerpt":{"rendered":"<p>&#8211; Educa\u00e7\u00e3o SocialAtrav\u00e9s de um trabalho direto com as fam\u00edlias, s\u00e3o proporcionadas aprendizagens relacionadas com as rotinas essenciais ao bom funcionamento familiar: cuidados b\u00e1sicos de higiene pessoal e habitacional, tratamento e organiza\u00e7\u00e3o de roupas, gest\u00e3o do or\u00e7amento familiar e outras necessidades espec\u00edficas identificadas em cada agregado. &#8211; HidroterapiaEm parceria com a Santa Casa da Miseric\u00f3rdia [&hellip;]<\/p>\n","protected":false},"author":1,"featured_media":0,"parent":0,"menu_order":0,"comment_status":"closed","ping_status":"closed","template":"","meta":{"saved_in_kubio":true,"footnotes":""},"class_list":["post-156","page","type-page","status-publish","hentry"],"kubio_ai_page_context":{"short_desc":"","purpose":"general"},"_links":{"self":[{"href":"https:\/\/centroparoquialcastpera.pt\/index.php?rest_route=\/wp\/v2\/pages\/156","targetHints":{"allow":["GET"]}}],"collection":[{"href":"https:\/\/centroparoquialcastpera.pt\/index.php?rest_route=\/wp\/v2\/pages"}],"about":[{"href":"https:\/\/centroparoquialcastpera.pt\/index.php?rest_route=\/wp\/v2\/types\/page"}],"author":[{"embeddable":true,"href":"https:\/\/centroparoquialcastpera.pt\/index.php?rest_route=\/wp\/v2\/users\/1"}],"replies":[{"embeddable":true,"href":"https:\/\/centroparoquialcastpera.pt\/index.php?rest_route=%2Fwp%2Fv2%2Fcomments&post=156"}],"version-history":[{"count":7,"href":"https:\/\/centroparoquialcastpera.pt\/index.php?rest_route=\/wp\/v2\/pages\/156\/revisions"}],"predecessor-version":[{"id":7574,"href":"https:\/\/centroparoquialcastpera.pt\/index.php?rest_route=\/wp\/v2\/pages\/156\/revisions\/7574"}],"wp:attachment":[{"href":"https:\/\/centroparoquialcastpera.pt\/index.php?rest_route=%2Fwp%2Fv2%2Fmedia&parent=156"}],"curies":[{"name":"wp","href":"https:\/\/api.w.org\/{rel}","templated":true}]}}

Centro Comunitário

<p class="has-text-align-left">&#8211; Educação Social<br>Através de um trabalho direto com as famílias, são proporcionadas aprendizagens relacionadas com as rotinas essenciais ao bom funcionamento familiar: cuidados básicos de higiene pessoal e habitacional, tratamento e organização de roupas, gestão do orçamento familiar e outras necessidades específicas identificadas em cada agregado.</p>



<p class="has-text-align-left">&#8211; Hidroterapia<br>Em parceria com a Santa Casa da Misericórdia de Figueiró dos Vinhos, realizam-se sessões semanais às terças e quintas-feiras, nas Piscinas Municipais de Figueiró dos Vinhos. A participação implica o pagamento de uma mensalidade, variável consoante o número de horas semanais.</p>



<p class="has-text-align-left">&#8211; Hora da Pequenada<br>Serviço destinado a crianças que frequentam o ensino pré-escolar e cujos encarregados de educação não têm horários compatíveis com os praticados pela Componente de Apoio à Família. Funciona das 07h30 às 09h00 e das 17h30 às 19h00, oferecendo transporte e complemento alimentar (manhã e tarde), mediante o pagamento de uma mensalidade única.</p>



<p class="has-text-align-left">&#8211; Agosto Colorido<br>Projeto dinamizado durante os dias úteis do mês de agosto, entre as 08h30 e as 18h00, dirigido a crianças do ensino pré-escolar. As atividades têm um caráter lúdico e educativo, mediante o pagamento de uma mensalidade de valor único.</p>



<p class="has-text-align-left">&#8211; Páscoa e Natal Colorido<br>Iniciativas realizadas durante um dia, nas férias letivas da Páscoa e do Natal, que proporcionam atividades recreativas e de convívio a crianças do ensino pré-escolar. O horário é idêntico ao praticado no projeto Agosto Colorido.</p>



<p class="has-text-align-left">&#8211; Feira Medieval<br>Evento anual que recria o ambiente das feiras de outros tempos, através de animação, trajes típicos e venda de artigos alusivos à época medieval. É uma iniciativa aberta à comunidade, com participação gratuita.</p>



<p class="has-text-align-left">&#8211; Sessões de Iniciação à Informática<br>Promovidas sempre que o número de interessados o justifique, estas sessões têm uma duração aproximada de 50 horas e decorrem em horário laboral. A inscrição e a frequência estão sujeitas ao pagamento de um valor simbólico.</p>



<p class="has-text-align-left"></p>

<p>&#8211; Educação SocialAtravés de um trabalho direto com as famílias, são proporcionadas aprendizagens relacionadas com as rotinas essenciais ao bom funcionamento familiar: cuidados básicos de higiene pessoal e habitacional, tratamento e organização de roupas, gestão do orçamento familiar e outras necessidades específicas identificadas em cada agregado. &#8211; HidroterapiaEm parceria com a Santa Casa da Misericórdia [&hellip;]</p>
